g**2 + 7*g - 4*g**2 - 490 + 507. List the prime factors of x(f).
17
Let a(v) = 21*v + 1637. List the prime factors of a(0).
1637
Suppose -74*c = -24174 - 42648. List the prime factors of c.
3, 7, 43
Let g = -34 + 36. Suppose -y + 2*r + 3*r = -70, -g*y + 110 = -4*r. List the prime factors of y.
3, 5
Suppose -s + 10 = r, -2*r = -0*s - 5*s - 13. What are the prime factors of 781/r + -3 - 10/(-45)?
2, 3, 7
Let i(v) = 4*v**3 - v**3 + 6 + 13*v**2 - 13*v - 4*v**3. Let c be i(12). List the prime factors of (c + 5)/(2/(-10)).
5
Suppose -14*c - 41 + 2407 = 0. List the prime factors of c.
13
Suppose 4*d + u = 7*d - 176, -3*u = -d + 64. List the prime factors of d.
2, 29
Let p(m) = -4*m**3 + m**2 + 2*m - 2. Let l be p(-3). Let f = 206 - l. List the prime factors of f.
97
Let x(o) = 2*o**2 + o + 308. Let r = 79 - 79. What are the prime factors of x(r)?
2, 7, 11
Let l(f) = f**3 + 19*f**2 - 3*f - 95. What are the prime factors of l(-10)?
5, 167
Suppose -2*f - 2*i + 175 - 23 = 0, 3*i - 3 = 0. Let z = f + -33. Let r = z - 30. List the prime factors of r.
2, 3
Let n = 8 + -12. Let s(y) = -2*y - 6. Let b be s(n). Suppose 3*d - b*d - 2*i = 32, i + 67 = 2*d. List the prime factors of d.
2, 17
Let j = 5254 - 2511. List the prime factors of j.
13, 211
Let a(f) = f**2 + 9*f - 6. Let z(g) = -15 - 8 + 8*g + 16 + g**2. Let h(s) = -4*a(s) + 5*z(s). What are the prime factors of h(-9)?
2, 17
Suppose -15*w + 63445 = 20695. What are the prime factors of w?
2, 3, 5, 19
Let c(l) = 3*l - 10. What are the prime factors of c(5)?
5
Let p(y) = 4*y - 79. List the prime factors of p(26).
5
Let v(r) = 6*r - 10. Let l be v(4). Let f be 65 + (-4)/(-3 - -5). What are the prime factors of 158/l + (-18)/f?
11
Let u(p) = p + 12. Let d be u(-13). What are the prime factors of (d - 5)*(-1 + -2) - -1?
19
Let m(t) = -14 + 5 - 7*t**3 + 5*t + 4 + 4. What are the prime factors of m(-3)?
173
Let f = -430 - -890. Suppose -32*b - f = -37*b. What are the prime factors of b?
2, 23
Suppose -11*w = -188 - 4784. List the prime factors of w.
2, 113
Suppose 6*l = 2*l - 4*r - 212, -222 = 4*l + 2*r. Let k = l - -107. List the prime factors of k.
7
Let n(t) = 47*t**2 - 1. Let f be n(-1). Let x(h) = -h**3 + 7*h**2 - 2*h + 1. Let o be x(7). Let m = o + f. List the prime factors of m.
3, 11
Suppose 448 = 3*w + 4*v - 2330, -3705 = -4*w - 5*v. What are the prime factors of w?
2, 3, 5, 31
Let i be 12/(-4) + (-20 - 1). Let v = -24 - i. Suppose 3*r + v*y = 5*y + 103, -r - 4*y = -40. List the prime factors of r.
2, 3
Let q(l) = 4*l - 3. Let g be q(2). Let a be (0 + 1)/((-8)/(-16)). Suppose -4*h - a*f = -104, -g*h - 2*f = -7*f - 115. List the prime factors of h.
5
Suppose 0 = o + 30 - 99. Let l = 15 - 10. Suppose 4*d - 5*a - 165 = 0, 5*d - o = l*a + 136. List the prime factors of d.
2, 5
Suppose 308 = z - 0*n - 3*n, 630 = 2*z + n. List the prime factors of z.
2, 157
Let l = 111 - 108. Let x = 82 + -21. Suppose -l*c + x = 25. List the prime factors of c.
2, 3
Let m(r) = -7*r**3 - r**2 - 3*r**3 - 3*r - 3 + 1. What are the prime factors of m(-2)?
2, 5
Suppose 10 = -6*x + 22. Suppose 4*c + 4*a - 180 = 0, -c = x*a - 3*a - 45. List the prime factors of c.
3, 5
Let c = -3224 - -5825. List the prime factors of c.
3, 17
Suppose 5*z - 4 = 2*k + 1, 0 = 3*z - 3. Suppose -4*u + 140 = -2*w, k = -2*u - u - 3*w + 114. List the prime factors of u.
2, 3
Let r(m) = m**2 + 2*m + 8. Let c = -9 + 6. Let d be (-2 - -2)/(3/c). What are the prime factors of r(d)?
2
Let i(b) = 97*b + 63. What are the prime factors of i(10)?
1033
Suppose -19*k = -21*k + 810. List the prime factors of k.
3, 5
Suppose -6*j - 135870 = -48*j. List the prime factors of j.
5, 647
Suppose 2*q = 2*o - 10, -7*o + q + 5 = -2*o. Suppose 5*p = 3*b - b + 320, 4*p + b - 269 = o. What are the prime factors of p?
2, 3, 11
Let u(m) = 29*m**2 + 4*m + 19. List the prime factors of u(-3).
2, 67
Let y(z) = -3*z**3 - 4*z**2 + 3*z + 10. Let l be y(-10). Suppose -10*v - l = -20*v. What are the prime factors of v?
2, 3, 43
List the prime factors of -1 + (-42)/6*-25.
2, 3, 29
Let h(v) = -66*v - 57. Let t(f) = 34*f + 28. Let d(b) = 2*h(b) + 5*t(b). What are the prime factors of d(5)?
2, 3
Let z(d) = d**2 - d + 55. Let c be (0/5)/(-1*1). List the prime factors of z(c).
5, 11
Let r(k) = k**2 + 35*k + 139. List the prime factors of r(24).
5, 311
Suppose 0 = -15*t + 29058 - 5718. What are the prime factors of t?
2, 389
Suppose -m = -6*m - 190. Let h = -36 - m. What are the prime factors of (1*-2)/(h/(-46))?
2, 23
Suppose 5*c - 2778 = 497. What are the prime factors of c?
5, 131
Let v(u) = -u**2 + 13*u - 10. Let w be v(12). List the prime factors of 6*(w + 87/6).
3, 11
Let n be 1/7 + 374/77. Suppose -n*x + 115 = 5*o, o + 90 = 3*x - 3*o. Suppose 11*d = 13*d - x. List the prime factors of d.
13
Suppose -36*f + 34*f + 534 = 0. List the prime factors of f.
3, 89
Suppose 2*i = -3*w + 1197, -11*w - 4*i - 2017 = -16*w. List the prime factors of w.
401
Let x be -3 - (54 + 3 + -6). Let q be (x/(-9))/((-6)/8). List the prime factors of q - -10 - (-15)/1.
17
Suppose 5*s - 20 = -4*r, 2*r - 2*s - 5 = r. List the prime factors of (5/r)/(2/78).
3, 13
Suppose 4 = -0*p + p + 2*i, 4*p = 4*i - 20. Let z = p - -19. Let n = z + -2. What are the prime factors of n?
3, 5
Suppose -5*n + 2*b = -122, -3*n + 7*b + 70 = 9*b. What are the prime factors of n?
2, 3
Suppose 17577 = 33*l - 30933. What are the prime factors of l?
2, 3, 5, 7
Let c(s) = -7*s + 11. Suppose -95 = -2*i + 6*i - 5*o, 2*i + 70 = -2*o. Let v = i - -24. What are the prime factors of c(v)?
53
Suppose 2*d = 5*s - 3*d - 1285, 0 = 2*d - 8. Suppose -2*g + s = g. What are the prime factors of g?
3, 29
Suppose -3*m + 9*m - 510 = 0. Let h = m - -183. What are the prime factors of h?
2, 67
Let q = 17 + -10. Let i = 646 - 437. Suppose q*k - i = 232. What are the prime factors of k?
3, 7
Let c = 122 - 120. Suppose c*m = r - 2*r + 15, m + 27 = r. List the prime factors of r.
23
List the prime factors of 100/(-200) + 2/((-4)/(-2711)).
5, 271
Suppose 0*k + 5*v = -2*k + 5258, -k = -2*v - 2638. List the prime factors of k.
2, 3, 439
Let q(b) be the second derivative of -b**5/20 - b**4/12 - 4*b**3/3 - 4*b**2 - 22*b. List the prime factors of q(-6).
2, 5, 11
What are the prime factors of (500 - -4)*56/14?
2, 3, 7
Suppose -5*y = 765 - 235. Let n = y + 36. Let a = 100 + n. What are the prime factors of a?
2, 3, 5
Let n be ((-94)/(-3) + (0 - -4))*3. Let u = n + -47. List the prime factors of u.
59
Suppose 420 = 2*z - 190. What are the prime factors of z?
5, 61
What are the prime factors of (-189 + 1)*(-301)/14?
2, 43, 47
Let r = 1058 + -450. Suppose -3*z - 4*a = -0*a - 623, -a + r = 3*z. What are the prime factors of z?
3, 67
Let y = -607 - -872. List the prime factors of y.
5, 53
Let r be 2/6 + 82/6. Let p(w) = 3*w**2 - 39*w - 11. Let a be p(13). Let d = r + a. List the prime factors of d.
3
Let a be 115/(-10)*4/(-1). Suppose 16*h - 15*h - a = 0. List the prime factors of h.
2, 23
Let v be 2*(0 - -1) + 0. Suppose 5*o = 25, -4 = -0*j + v*j - 2*o. Let h(g) = 2*g + 1. What are the prime factors of h(j)?
7
Let g = -7859 + 11660. What are the prime factors of g?
3, 7, 181
Let r(c) = 20*c**2 - 11*c - 51. What are the prime factors of r(-5)?
2, 3, 7
Suppose 2*q - 70 = -5*f, 10*q - 245 = 5*q + 5*f. Suppose 13*g = 3127 + q. What are the prime factors of g?
2, 61
What are the prime factors of 2*3*(-4516)/(-24)?
1129
Let s(m) be the first derivative of -m**5/30 + 11*m**4/24 + m**3 - 3. Let d(q) be the third derivative of s(q). List the prime factors of d(-6).
5, 7
Let l = 837 - 48. List the prime factors of l.
3, 263
Suppose -3 - 10 = w. List the prime factors of (-92 + w)*1/(-1).
3, 5, 7
Let q = 655 - 174. What are the prime factors of q?
13, 37
Suppose -7*y - 7326 = -12*y - 3*z, -5*y - 4*z + 7328 = 0. List the prime factors of y.
2, 3, 61
Suppose -1454 = -17*a + 1011. Suppose 0 = 3*m - 1 - 8. Suppose m*z = -2*z + a. What are the prime factors of z?
29
Let f be (18/12)/(3/36). Suppose 6 = -4*c + f. Suppose 0 = 2*y - 8, -c + 5 = 2*g - 2*y. List the prime factors of g.
5
What are the prime factors of (-54)/36*(-2382)/9?
397
Suppose -3*i = -5*u - 1484, 6*u - 5*u = i - 296. List the prime factors of 4 + -8 + 4 - u.
2, 149
Let c(w) be the second derivative of -w**5/60 + w**4/24 + 5*